{"version":"1.0","provider_name":"Enla Arboleda","provider_url":"https:\/\/www.enlaarboleda.com\/en","author_name":"enlaarboleda","author_url":"https:\/\/www.enlaarboleda.com\/en\/author\/enlaarboleda\/","title":"ACLARA \u2013 LA MEMORIA - Enla Arboleda","type":"rich","width":600,"height":338,"html":"<blockquote class=\"wp-embedded-content\" data-secret=\"O43I5F5NMW\"><a href=\"https:\/\/www.enlaarboleda.com\/en\/aclara-la-memoria\/\">ACLARA \u2013 LA MEMORIA<\/a><\/blockquote><iframe sandbox=\"allow-scripts\" security=\"restricted\" src=\"https:\/\/www.enlaarboleda.com\/en\/aclara-la-memoria\/embed\/#?secret=O43I5F5NMW\" width=\"600\" height=\"338\" title=\"&#8220;ACLARA \u2013 LA MEMORIA&#8221; &#8212; Enla Arboleda\" data-secret=\"O43I5F5NMW\" frameborder=\"0\" marginwidth=\"0\" marginheight=\"0\" scrolling=\"no\" class=\"wp-embedded-content\"><\/iframe><script type=\"text\/javascript\">\n\/* <![CDATA[ *\/\n\/*! This file is auto-generated *\/\n!function(d,l){\"use strict\";l.querySelector&&d.addEventListener&&\"undefined\"!=typeof URL&&(d.wp=d.wp||{},d.wp.receiveEmbedMessage||(d.wp.receiveEmbedMessage=function(e){var t=e.data;if((t||t.secret||t.message||t.value)&&!\/[^a-zA-Z0-9]\/.test(t.secret)){for(var s,r,n,a=l.querySelectorAll('iframe[data-secret=\"'+t.secret+'\"]'),o=l.querySelectorAll('blockquote[data-secret=\"'+t.secret+'\"]'),c=new RegExp(\"^https?:$\",\"i\"),i=0;i<o.length;i++)o[i].style.display=\"none\";for(i=0;i<a.length;i++)s=a[i],e.source===s.contentWindow&&(s.removeAttribute(\"style\"),\"height\"===t.message?(1e3<(r=parseInt(t.value,10))?r=1e3:~~r<200&&(r=200),s.height=r):\"link\"===t.message&&(r=new URL(s.getAttribute(\"src\")),n=new URL(t.value),c.test(n.protocol))&&n.host===r.host&&l.activeElement===s&&(d.top.location.href=t.value))}},d.addEventListener(\"message\",d.wp.receiveEmbedMessage,!1),l.addEventListener(\"DOMContentLoaded\",function(){for(var e,t,s=l.querySelectorAll(\"iframe.wp-embedded-content\"),r=0;r<s.length;r++)(t=(e=s[r]).getAttribute(\"data-secret\"))||(t=Math.random().toString(36).substring(2,12),e.src+=\"#?secret=\"+t,e.setAttribute(\"data-secret\",t)),e.contentWindow.postMessage({message:\"ready\",secret:t},\"*\")},!1)))}(window,document);\n\/* ]]> *\/\n<\/script>","description":"Fotograf\u00edas en 35mm por:\u00a0Ver\u00f3nica Posada. Aclara es de las \u00faltimas canciones que escrib\u00ed del \u00e1lbum y habla sobre la b\u00fasqueda del recuerdo. Siempre he pensado que en la memoria sucede todo, cuando imaginamos, cuando creamos, cuando nos comunicamos hacemos uso del recuerdo. Cada pedazo de realidad son una inmensa cantidad de ideas no lineales que&hellip;&nbsp;Read More &raquo;","thumbnail_url":"https:\/\/www.enlaarboleda.com\/web\/wp-content\/uploads\/2019\/12\/001667260009-1024x679.jpg"}

Fotografías en 35mm por: Verónica Posada. Aclara es de las últimas canciones que escribí del álbum y habla sobre la búsqueda del recuerdo. Siempre he pensado que en la memoria sucede todo, cuando imaginamos, cuando creamos, cuando nos comunicamos hacemos uso del recuerdo. Cada pedazo de realidad son una inmensa cantidad de ideas no lineales que&hellip;&nbsp;Read More &raquo;
